{"id":966,"date":"2018-12-25T17:37:38","date_gmt":"2018-12-25T20:37:38","guid":{"rendered":"https:\/\/isfd30-bue.infd.edu.ar\/sitio\/?page_id=966"},"modified":"2025-11-08T14:03:59","modified_gmt":"2025-11-08T17:03:59","slug":"carreras","status":"publish","type":"page","link":"https:\/\/isfd30-bue.infd.edu.ar\/sitio\/carreras\/","title":{"rendered":"Carreras"},"content":{"rendered":"<h3><strong>En el Instituto Superior de Formaci\u00f3n Docente se dictan 4 Carreras<\/strong><\/h3>\n<h5><\/h5>\n<h5><a href=\"https:\/\/isfd30-bue.infd.edu.ar\/sitio\/profesorado-y-tecnicatura-sup-de-construcciones\/\">El Profesorado de Educaci\u00f3n Secundaria T\u00e9cnico Profesional en Construcciones<\/a><\/h5>\n<h5><a href=\"https:\/\/isfd30-bue.infd.edu.ar\/sitio\/profesorado-y-tecnicatura-sup-de-electromecanica\/\">El Profesorado de Educaci\u00f3n Secundaria T\u00e9cnico Profesional en Electromec\u00e1nica<\/a><\/h5>\n<h5><a href=\"https:\/\/isfd30-bue.infd.edu.ar\/sitio\/profesorado-y-tecnicatura-sup-de-electronica\/\">Profesorado de Educaci\u00f3n Secundaria T\u00e9cnico Profesional en Electr\u00f3nica<\/a><\/h5>\n<h5><a href=\"https:\/\/isfd30-bue.infd.edu.ar\/sitio\/profesorado-de-ingles\/\">El Profesorado de Ingl\u00e9s<\/a><\/h5>\n<h5><\/h5>\n<p><span style=\"font-family: arial, helvetica, sans-serif; font-size: 10pt;\"><span style=\"color: #000080;\"><strong>El horario del Instituto es:<\/strong><\/span><br \/>\n<\/span><\/p>\n<p><span style=\"font-family: arial, helvetica, sans-serif; font-size: 10pt;\"><span style=\"color: #000080;\"><span style=\"font-size: 10pt;\">Sede Las Heras 210:<\/span><\/span><\/span><\/p>\n<p><span style=\"font-family: arial, helvetica, sans-serif; font-size: 10pt;\"><span style=\"color: #000080;\"><span style=\"font-size: 10pt;\">Lunes a Viernes de 18:20 a 22:20 hs.<br \/>\n<\/span><span style=\"font-size: 10pt;\">S\u00e1bados de 8:00 a 12:10 hs.<\/span><\/span><span style=\"font-size: 10pt;\"><br \/>\n<\/span><\/span><\/p>\n<p><span style=\"font-family: arial, helvetica, sans-serif; font-size: 10pt;\"><span style=\"color: #000080;\"><span style=\"font-size: 10pt;\">Anexo Rondeau 575: <\/span><\/span><\/span><\/p>\n<p><span style=\"font-family: arial, helvetica, sans-serif; font-size: 10pt;\"><span style=\"color: #000080;\"><span style=\"font-size: 10pt;\">Lunes a Viernes de 8:00 a 12:10; 13:30 a 17:40 y 18:20 a 22:20 hs.<br \/>\n<\/span><span style=\"font-size: 10pt;\">S\u00e1bados de 8:00 a 12:10 hs.<\/span><\/span><\/span><\/p>\n","protected":false},"excerpt":{"rendered":"<p>En el Instituto Superior de Formaci\u00f3n Docente se dictan 4 Carreras El Profesorado de Educaci\u00f3n Secundaria T\u00e9cnico Profesional en Construcciones El Profesorado de Educaci\u00f3n Secundaria T\u00e9cnico Profesional en Electromec\u00e1nica Profesorado de Educaci\u00f3n Secundaria T\u00e9cnico Profesional en Electr\u00f3nica El Profesorado de Ingl\u00e9s El horario del Instituto es: Sede Las Heras 210: Lunes a Viernes de 18:20 &#8230; <a title=\"Carreras\" class=\"read-more\" href=\"https:\/\/isfd30-bue.infd.edu.ar\/sitio\/carreras\/\" aria-label=\"More on Carreras\">[+]<\/a><\/p>\n","protected":false},"author":901,"featured_media":0,"parent":0,"menu_order":0,"comment_status":"closed","ping_status":"closed","template":"","meta":[],"acf":[],"_links":{"self":[{"href":"https:\/\/isfd30-bue.infd.edu.ar\/sitio\/wp-json\/wp\/v2\/pages\/966"}],"collection":[{"href":"https:\/\/isfd30-bue.infd.edu.ar\/sitio\/wp-json\/wp\/v2\/pages"}],"about":[{"href":"https:\/\/isfd30-bue.infd.edu.ar\/sitio\/wp-json\/wp\/v2\/types\/page"}],"author":[{"embeddable":true,"href":"https:\/\/isfd30-bue.infd.edu.ar\/sitio\/wp-json\/wp\/v2\/users\/901"}],"replies":[{"embeddable":true,"href":"https:\/\/isfd30-bue.infd.edu.ar\/sitio\/wp-json\/wp\/v2\/comments?post=966"}],"version-history":[{"count":11,"href":"https:\/\/isfd30-bue.infd.edu.ar\/sitio\/wp-json\/wp\/v2\/pages\/966\/revisions"}],"predecessor-version":[{"id":2861,"href":"https:\/\/isfd30-bue.infd.edu.ar\/sitio\/wp-json\/wp\/v2\/pages\/966\/revisions\/2861"}],"wp:attachment":[{"href":"https:\/\/isfd30-bue.infd.edu.ar\/sitio\/wp-json\/wp\/v2\/media?parent=966"}],"curies":[{"name":"wp","href":"https:\/\/api.w.org\/{rel}","templated":true}]}}