{"id":860,"date":"2018-08-29T19:03:15","date_gmt":"2018-08-29T22:03:15","guid":{"rendered":"https:\/\/isfd30-bue.infd.edu.ar\/sitio\/ingreso-e-inscripcion\/"},"modified":"2025-11-10T21:49:44","modified_gmt":"2025-11-11T00:49:44","slug":"ingreso-e-inscripcion-ct","status":"publish","type":"page","link":"https:\/\/isfd30-bue.infd.edu.ar\/sitio\/ingreso-e-inscripcion-ct\/","title":{"rendered":"Ingreso e Inscripci\u00f3n"},"content":{"rendered":"<p><a href=\"https:\/\/isfd30-bue.infd.edu.ar\/sitio\/wp-content\/uploads\/2025\/11\/incripcion-ingles.png\"><img decoding=\"async\" loading=\"lazy\" class=\"alignnone size-large wp-image-2804\" src=\"https:\/\/isfd30-bue.infd.edu.ar\/sitio\/wp-content\/uploads\/2025\/11\/incripcion-ingles-1900x1069.png\" alt=\"\" width=\"1200\" height=\"675\" srcset=\"https:\/\/isfd30-bue.infd.edu.ar\/sitio\/wp-content\/uploads\/2025\/11\/incripcion-ingles-1900x1069.png 1900w, https:\/\/isfd30-bue.infd.edu.ar\/sitio\/wp-content\/uploads\/2025\/11\/incripcion-ingles-1000x563.png 1000w, https:\/\/isfd30-bue.infd.edu.ar\/sitio\/wp-content\/uploads\/2025\/11\/incripcion-ingles-768x432.png 768w, https:\/\/isfd30-bue.infd.edu.ar\/sitio\/wp-content\/uploads\/2025\/11\/incripcion-ingles-1536x864.png 1536w, https:\/\/isfd30-bue.infd.edu.ar\/sitio\/wp-content\/uploads\/2025\/11\/incripcion-ingles.png 1920w\" sizes=\"(max-width: 1200px) 100vw, 1200px\" \/><\/a><\/p>\n<ul>\n<li>Accede al <span style=\"color: #ff6600;\"><strong>FORMULARIO DE PREINSCRIPCI\u00d3N<\/strong> <\/span>mediante el c\u00f3digo QR o a trav\u00e9s del link:\u00a0 <a href=\"https:\/\/forms.gle\/Vno3Kfkdecv1PXrk6\">formulario de Preinscripci\u00f3n Online.<\/a><\/li>\n<\/ul>\n<p><a href=\"https:\/\/isfd30-bue.infd.edu.ar\/sitio\/wp-content\/uploads\/2025\/11\/3-5.png\"><img decoding=\"async\" loading=\"lazy\" class=\"alignnone size-large wp-image-2891\" src=\"https:\/\/isfd30-bue.infd.edu.ar\/sitio\/wp-content\/uploads\/2025\/11\/3-5-1900x1069.png\" alt=\"\" width=\"1200\" height=\"675\" srcset=\"https:\/\/isfd30-bue.infd.edu.ar\/sitio\/wp-content\/uploads\/2025\/11\/3-5-1900x1069.png 1900w, https:\/\/isfd30-bue.infd.edu.ar\/sitio\/wp-content\/uploads\/2025\/11\/3-5-1000x563.png 1000w, https:\/\/isfd30-bue.infd.edu.ar\/sitio\/wp-content\/uploads\/2025\/11\/3-5-768x432.png 768w, https:\/\/isfd30-bue.infd.edu.ar\/sitio\/wp-content\/uploads\/2025\/11\/3-5-1536x864.png 1536w, https:\/\/isfd30-bue.infd.edu.ar\/sitio\/wp-content\/uploads\/2025\/11\/3-5.png 1920w\" sizes=\"(max-width: 1200px) 100vw, 1200px\" \/><\/a> <a href=\"https:\/\/isfd30-bue.infd.edu.ar\/sitio\/wp-content\/uploads\/2025\/11\/3-6.png\"><img decoding=\"async\" loading=\"lazy\" class=\"alignnone size-large wp-image-2896\" src=\"https:\/\/isfd30-bue.infd.edu.ar\/sitio\/wp-content\/uploads\/2025\/11\/3-6-1900x1069.png\" alt=\"\" width=\"1200\" height=\"675\" srcset=\"https:\/\/isfd30-bue.infd.edu.ar\/sitio\/wp-content\/uploads\/2025\/11\/3-6-1900x1069.png 1900w, https:\/\/isfd30-bue.infd.edu.ar\/sitio\/wp-content\/uploads\/2025\/11\/3-6-1000x563.png 1000w, https:\/\/isfd30-bue.infd.edu.ar\/sitio\/wp-content\/uploads\/2025\/11\/3-6-768x432.png 768w, https:\/\/isfd30-bue.infd.edu.ar\/sitio\/wp-content\/uploads\/2025\/11\/3-6-1536x864.png 1536w, https:\/\/isfd30-bue.infd.edu.ar\/sitio\/wp-content\/uploads\/2025\/11\/3-6.png 1920w\" sizes=\"(max-width: 1200px) 100vw, 1200px\" \/><\/a><\/p>\n<p><span style=\"font-family: arial, helvetica, sans-serif; font-size: 10pt;\"><span style=\"text-align: justify;\">\u00a0<\/span><\/span><\/p>\n<p><span style=\"font-family: arial, helvetica, sans-serif; font-size: 10pt; text-align: justify;\">Consultas: <\/span><a style=\"font-family: arial, helvetica, sans-serif; font-size: 10pt; text-align: justify;\" href=\"mailto:isfd30.da.vinci@gmail.com\">isfd30.da.vinci@gmail.com<\/a><\/p>\n","protected":false},"excerpt":{"rendered":"<p>Accede al FORMULARIO DE PREINSCRIPCI\u00d3N mediante el c\u00f3digo QR o a trav\u00e9s del link:\u00a0 formulario de Preinscripci\u00f3n Online. \u00a0 Consultas: isfd30.da.vinci@gmail.com<\/p>\n","protected":false},"author":904,"featured_media":0,"parent":0,"menu_order":0,"comment_status":"closed","ping_status":"closed","template":"","meta":[],"acf":[],"_links":{"self":[{"href":"https:\/\/isfd30-bue.infd.edu.ar\/sitio\/wp-json\/wp\/v2\/pages\/860"}],"collection":[{"href":"https:\/\/isfd30-bue.infd.edu.ar\/sitio\/wp-json\/wp\/v2\/pages"}],"about":[{"href":"https:\/\/isfd30-bue.infd.edu.ar\/sitio\/wp-json\/wp\/v2\/types\/page"}],"author":[{"embeddable":true,"href":"https:\/\/isfd30-bue.infd.edu.ar\/sitio\/wp-json\/wp\/v2\/users\/904"}],"replies":[{"embeddable":true,"href":"https:\/\/isfd30-bue.infd.edu.ar\/sitio\/wp-json\/wp\/v2\/comments?post=860"}],"version-history":[{"count":54,"href":"https:\/\/isfd30-bue.infd.edu.ar\/sitio\/wp-json\/wp\/v2\/pages\/860\/revisions"}],"predecessor-version":[{"id":2897,"href":"https:\/\/isfd30-bue.infd.edu.ar\/sitio\/wp-json\/wp\/v2\/pages\/860\/revisions\/2897"}],"wp:attachment":[{"href":"https:\/\/isfd30-bue.infd.edu.ar\/sitio\/wp-json\/wp\/v2\/media?parent=860"}],"curies":[{"name":"wp","href":"https:\/\/api.w.org\/{rel}","templated":true}]}}